inder when 901780 is divided by 16102?
68
Calculate the remainder when 245302 is divided by 30659.
30
What is the remainder when 10542287 is divided by 1812?
71
What is the remainder when 28919 is divided by 220?
99
What is the remainder when 4449304 is divided by 381?
367
Calculate the remainder when 3848205 is divided by 104.
101
What is the remainder when 173293 is divided by 99?
43
Calculate the remainder when 2047592 is divided by 93.
11
Calculate the remainder when 89034787 is divided by 174578.
7
Calculate the remainder when 135050379 is divided by 67525183.
13
What is the remainder when 74605 is divided by 1589?
1511
Calculate the remainder when 52130 is divided by 6502.
114
Calculate the remainder when 2223145 is divided by 444626.
15
Calculate the remainder when 21530 is divided by 1621.
457
Calculate the remainder when 4100927 is divided by 1366965.
32
What is the remainder when 31808752 is divided by 18?
16
What is the remainder when 3188895 is divided by 3188890?
5
Calculate the remainder when 40393008 is divided by 13464334.
6
Calculate the remainder when 7413076 is divided by 10.
6
Calculate the remainder when 5249 is divided by 2085.
1079
Calculate the remainder when 46766 is divided by 15294.
884
Calculate the remainder when 178126 is divided by 4949.
4911
What is the remainder when 1790455 is divided by 735?
730
Calculate the remainder when 775320 is divided by 8248.
8
What is the remainder when 4775 is divided by 4398?
377
What is the remainder when 4994693 is divided by 78042?
5
Calculate the remainder when 1503178 is divided by 39556.
50
Calculate the remainder when 317268 is divided by 3235.
238
Calculate the remainder when 229787 is divided by 4787.
11
Calculate the remainder when 693292 is divided by 693284.
8
What is the remainder when 4193257 is divided by 351?
211
Calculate the remainder when 6516647 is divided by 1075.
1072
Calculate the remainder when 3416552 is divided by 3301.
17
Calculate the remainder when 1014520 is divided by 337850.
970
Calculate the remainder when 429530 is divided by 223.
32
What is the remainder when 1158534 is divided by 26942?
28
Calculate the remainder when 2135118 is divided by 3.
0
Calculate the remainder when 2157085 is divided by 1078494.
97
Calculate the remainder when 664553579 is divided by 295.
294
Calculate the remainder when 649283 is divided by 324585.
113
What is the remainder when 68094975 is divided by 14?
11
Calculate the remainder when 10028 is divided by 1001.
18
What is the remainder when 1711850 is divided by 4851?
4298
What is the remainder when 556384 is divided by 69537?
88
What is the remainder when 2111942 is divided by 1055948?
46
Calculate the remainder when 1058643 is divided by 571.
9
Calculate the remainder when 3403321 is divided by 48.
25
Calculate the remainder when 3275651 is divided by 1091871.
38
Calculate the remainder when 1638991 is divided by 4643.
12
What is the remainder when 8687368 is divided by 211885?
83
Calculate the remainder when 1297814 is divided by 465.
464
What is the remainder when 148091 is divided by 1058?
1029
Calculate the remainder when 19122163 is divided by 1146.
7
Calculate the remainder when 7187799 is divided by 3320.
3319
What is the remainder when 26121167 is divided by 950?
917
What is the remainder when 564520 is divided by 79?
65
Calculate the remainder when 46988753 is divided by 1698.
1697
Calculate the remainder when 3143851 is divided by 1047926.
73
Calculate the remainder when 1359448 is divided by 6.
4
Calculate the remainder when 82302 is divided by 20557.
74
What is the remainder when 375899 is divided by 730?
679
Calculate the remainder when 505975365 is divided by 1187.
1184
Calculate the remainder when 7049718 is divided by 84936.
30
What is the remainder when 13580473 is divided by 8181?
13
What is the remainder when 1319543 is divided by 3196?
2791
Calculate the remainder when 3806213 is divided by 646.
627
What is the remainder when 419182 is divided by 1348?
1302
Calculate the remainder when 2865753 is divided by 2865718.
35
What is the remainder when 36218 is divided by 34526?
1692
Calculate the remainder when 301936 is divided by 316.
156
What is the remainder when 1400578 is divided by 189?
88
Calculate the remainder when 66743059 is divided by 62.
59
What is the remainder when 201012 is divided by 100476?
60
Calculate the remainder when 14655001 is divided by 842.
833
Calculate the remainder when 7762053 is divided by 10575.
3
Calculate the remainder when 5214271 is divided by 52.
23
What is the remainder when 50280 is divided by 5584?
24
Calculate the remainder when 62846 is divided by 875.
721
Calculate the remainder when 2678037 is divided by 939.
9
What is the remainder when 8394773 is divided by 839467?
103
Calculate the remainder when 211296761 is divided by 162.
161
What is the remainder when 94606 is divided by 85?
1
Calculate the remainder when 34444803 is divided by 1913600.
3
Calculate the remainder when 1325185 is divided by 662590.
5
Calculate the remainder when 178058 is divided by 59316.
110
Calculate the remainder when 2068003 is divided by 891.
883
What is the remainder when 101261 is divided by 152?
29
Calculate the remainder when 35271 is divided by 5832.
279
What is the remainder when 112217218 is divided by 12?
10
What is the remainder when 273890 is divided by 527?
377
What is the remainder when 18267061 is divided by 5696?
5685
Calculate the remainder when 1159393 is divided by 385984.
1441
What is the remainder when 384165944 is divided by 1713?
1712
Calculate the remainder when 5445477 is divided by 114.
39
Calculate the remainder when 981544 is divided by 6021.
121
What is the remainder when 2016610 is divided by 7414?
2
Calculate the remainder when 69375589 is divided by 1674.
7
Calculate the remainder when 1810608 is divided by 126.
114
Calculate the remainder when 20319609 is divided by 124.
101
Calculate the remainder when 34219058 is divided by 3802117.
5
What is the remainder when 7329242 is divided by 16251?
41
What is the remainder when 117324637 is divided by 20?
17
What is the remainder when 1231611 is divided by 9?
6
Calculate the remainder when 9137750 is divided by 1142217.
14
Calculate the remainder when 21449179 is divided by 3064168.
3
What is the remainder when 2370096 is divided by 790002?
90
Calculate the remainder when 157809 is divided by 13.
2
What is the remainder when 1172419 is divided by 210?
199
Calculate the remainder when 1198487 is divided by 122.
81
What is the remainder when 215332 is divided by 71729?
145
Calculate the remainder when 68095692 is divided by 19.
15
Calculate the remainder when 13958099 is divided by 9.
8
What is the remainder when 37107 is divided by 4095?
252
What is the remainder when 494863 is divided by 1561?
26
Calculate the remainder when 2207388 is divided by 100335.
18
What is the remainder when 14371 is divided by 4010?
2341
Calculate the remainder when 1667991 is divided by 238239.
318
Calculate the remainder when 153828 is divided by 1019.
978
Calculate the remainder when 725799 is divided by 27898.
451
What is the remainder when 14494731 is divided by 1311?
315
Calculate the remainder when 32796826 is divided by 58.
30
Calculate the remainder when 564946406 is divided by 13.
11
Calculate the remainder when 34271315 is divided by 3501.
26
Calculate the remainder when 3596630 is divided by 22.
4
What is the remainder when 21414366 is divided by 21986?
2
Calculate the remainder when 131046734 is divided by 110.
104
What is the remainder when 20392373 is divided by 2998?
2975
What is the remainder when 3103837 is divided by 243?
241
Calculate the remainder when 5647130 is divided by 337.
21
What is the remainder when 101767 is divided by 3293?
2977
What is the remainder when 51058 is divided by 4279?
3989
What is the remainder when 6678118 is divided by 9301?
0
What is the remainder when 232493 is divided by 56852?
5085
Calculate the remainder when 7744343 is divided by 510.
503
Calculate the remainder when 29422957 is divided by 129.
121
What is the remainder when 15103905 is divided by 107?
106
What is the remainder when 37467150 is divided by 45?
15
Calculate the remainder when 4051188 is divided by 19.
8
Calcul